+ 17*b + 5. Let c be x(-8). Let r = c - 66. What is the remainder when r is divided by l?
19
Suppose 8*j + 32 = 10*j + 4*g, -j + 3*g = -26. Calculate the remainder when 138 is divided by j.
18
Let o(v) = 11*v**3 - 2*v**2 + 5*v - 7. What is the remainder when 262 is divided by o(2)?
13
Let r be (-24)/18 + 823/3. Suppose -5*f = -8*p + 5*p + 176, -4*p + r = f. Calculate the remainder when p is divided by 10.
7
Let i = -19 + 55. Suppose 0*g = 3*g - i. Let o(a) = -a**3 + 13*a**2 - 10*a + 11. Calculate the remainder when o(g) is divided by 18.
17
Suppose 0 = h - 13 + 4. Suppose 6*k = h*k - 3. Let d = 9 + k. What is the remainder when 29 is divided by d?
9
Suppose 3*w = -3, -2*d = -3*w - w - 680. Suppose -12*y + d = -70. Calculate the remainder when y is divided by 13.
8
Let y = -1442 - -1469. Calculate the remainder when 269 is divided by y.
26
Let w(i) = 4*i**2 - 161*i + 51. What is the remainder when w(41) is divided by 7?
6
Suppose -1624*z + 22 = -1622*z. Calculate the remainder when 30 is divided by z.
8
Let u be (-174)/54 + 2/9 + 0. What is the remainder when (u - -1)/(2/(-33)) is divided by 7?
5
Let t(g) = 146*g - 104. What is the remainder when t(3) is divided by 7?
5
Suppose 0 = -2*t + 5*q + 3, 2*t + 2*t = -5*q + 21. Suppose t*c - 3*v - 2*v - 39 = 0, 4*c - 69 = -v. What is the remainder when c is divided by 10?
6
Let r = 78 + -44. Let k = 48 - r. Calculate the remainder when 55 is divided by k.
13
Let b(u) = -u - 1. Let i(c) = 5*c**3 - 10*c**2 + 11*c - 1. Calculate the remainder when i(1) is divided by b(-3).
1
Suppose 3*g - 749 = 5*b, 0 = -5*g - 3*b + 262 + 941. Calculate the remainder when g is divided by 52.
35
Let h(r) = -r**3 - 6*r**2 + 6*r + 16. What is the remainder when 298 is divided by h(-7)?
22
Let t(n) = -208*n - 1836. Let m(p) = -35*p - 2. What is the remainder when m(-2) is divided by t(-9)?
32
Suppose 5*u - 94 = -79. Let n be (-2)/7 - (-32)/14. Suppose -u*x + 38 = -n*x. Calculate the remainder when x is divided by 10.
8
Suppose k + k + 10 = 0. Let d = 4820 + -4804. Calculate the remainder when d is divided by (-15 + 0)*2/k.
4
Let u(h) = -h**2 - 12*h - 10. Let c be u(-10). Let b(a) = 5*a. What is the remainder when b(c) is divided by 2/(0 - -2)*17?
16
Suppose -3*p - 3*p = 12900. What is the remainder when p/(-30) + 1/3 is divided by (-152)/(-6) + (-2)/6?
22
Let w be (-2007)/(-45) + 4/10. Suppose 2*a - 5*a = -h - 30, -2*h + 3*a = w. Let c = h - -32. What is the remainder when c is divided by 5?
2
Suppose 3 + 21 = 8*l. Suppose l*w - 599 + 74 = -q, -4*w + 693 = -q. What is the remainder when w is divided by 35?
34
Suppose -4*j - 4*v = -44, j - 10 - 7 = 5*v. What is the remainder when 40 is divided by j?
4
Let v(y) = -3*y - 2. Let b be v(-2). Suppose 3*n + 123 = b*z, 3*z = -0*z - 4*n + 86. Let m = z - 9. Calculate the remainder when 82 is divided by m.
19
Let j(f) = f - 23. Let n be j(17). Let r = 30 + n. Suppose 122 = 2*m + r. Calculate the remainder when m is divided by 26.
23
Let j be (0 + -2)*119/14. Calculate the remainder when 74 is divided by 3/((-3)/j) + 2.
17
Suppose 4*k - 5*a + 380 = -k, 0 = -a. What is the remainder when 37*(5 - 4)*1 is divided by ((-1)/2)/(2/k)?
18
What is the remainder when (-7)/14*1233*(-4)/9 is divided by 3?
1
Let c(i) = i**2 + 11*i + 26. Let p be c(-8). Suppose 0 = -0*l + p*l - 5*z - 83, -239 = -5*l + 2*z. Calculate the remainder when l is divided by 13.
10
Suppose -7*j + 1862 = -70. What is the remainder when j is divided by 40?
36
Suppose -4*b = -7*b - 159. Let t = 76 + b. Calculate the remainder when 229 is divided by t.
22
Suppose 64*o - 7343 = 4625. Calculate the remainder when o is divided by 49.
40
Let w(b) = b**2 - 14*b - 26. Calculate the remainder when w(19) is divided by 6.
3
Let x = -235 + 348. Suppose -2*d = -4*v, v + 4*d - 6 - 3 = 0. Calculate the remainder when x is divided by (-875)/(-30) - v/(1*6).
26
Let f be 546/22 - (24/44)/(-3). Let s = f + 0. What is the remainder when 148 is divided by s?
23
Suppose 4*q + 8 = 6*q. Suppose -20 = q*r - 52. Let k = -166 - -187. Calculate the remainder when k is divided by r.
5
Suppose 8*m + m - 90 = 0. Suppose 2*t + 42 = 3*t. What is the remainder when t is divided by m?
2
Suppose 84*x = 83*x + 55. What is the remainder when x is divided by 19?
17
Let t(u) = -u**3 - u**2 + 5*u + 6. Let h be t(-4). Suppose -2*f - 14 + h = 0. Calculate the remainder when 26 is divided by f.
6
Suppose 5*y - 4*i = 136, y + i - 40 = 5*i. Calculate the remainder when y is divided by 120/9 - (-1)/(-3).
11
Suppose -5*a + 291 + 209 = 0. Suppose -2*b + 178 = f, 2*b + 3*f - a = 86. Calculate the remainder when b is divided by 45.
42
Let u(d) = 27*d + 202. Let h = 16 - 6. Calculate the remainder when u(-5) is divided by h.
7
Let o = 1931 + -1802. What is the remainder when o is divided by 18?
3
Suppose p = 4*p - 537. Let s(n) = n**2 + n + 3. Calculate the remainder when p is divided by s(-4).
14
Suppose 0 = -w - 4, c = -4*w + 7 - 2. Let f = 1 + 39. What is the remainder when f is divided by c?
19
Let y(z) = -18*z + 509. Calculate the remainder when y(27) is divided by -3*-7*(-4)/(-6).
9
Let j(w) = -w**3 + 3*w**2 + 4*w + 4. Let r be j(4). Suppose -a + 8 = r. Let h = a - -15. Calculate the remainder when 55 is divided by h.
17
Suppose 6*m = 742 - 124. Calculate the remainder when m is divided by 26.
25
Let r be (-22)/(-10) + (-10)/50. Let u(h) = -h + r*h + h + 10. Calculate the remainder when u(0) is divided by 4.
2
Suppose -4*x - 3*h = -97, -5*h + 125 = 8*x - 3*x. Let i(y) = y**2 - 9*y - 104. Calculate the remainder when i(-10) is divided by x.
20
Let b(y) = -11*y + 8. Let w = -14 + 52. Let o = w + -13. What is the remainder when b(-6) is divided by o?
24
Suppose 52 = -j + 3*j. Let r = j + -11. What is the remainder when -1*(-2 + 0) + 25 is divided by r?
12
Let s(f) = -3*f**2 - 53*f - 67. Calculate the remainder when 103 is divided by s(-16).
12
Suppose 2*y - 3*s = 8 + 11, 4*s + 18 = -y. Calculate the remainder when y is divided by 2.
0
Let o(y) = -y**3 + 4*y**2 - 4*y + 10. What is the remainder when 179 is divided by o(3)?
4
Let k(y) = -y**3 + 14*y**2 - 18*y - 4. Let d be k(12). Suppose 7*j - d = 3*j. What is the remainder when 64 is divided by j?
13
Let m = -376 - -395. What is the remainder when 166 is divided by m?
14
Let d = 41 - 28. Suppose d*v - 10*v - 240 = 0. What is the remainder when v is divided by 27?
26
Let v = -1 + 57. What is the remainder when v is divided by -8*(-3)/6 + 16?
16
Let t be (24/18)/((-2)/(-6)). Let u = 10 - t. What is the remainder when 1/(2/(3 - -17)) is divided by u?
4
Let h(i) = -4*i + 12. Let q(f) = 3*f - 10. Let l(b) = b + 4. Let n be l(5). What is the remainder when h(-5) is divided by q(n)?
15
Suppose 0 = 3*d - 4*c - 141, -5*d = 3*c - 0*c - 206. Suppose -5*y + 4*o + 88 = 0, -62 = -3*y + 3*o - 11. Calculate the remainder when d is divided by y.
3
What is the remainder when -34*10/(-25)*5 is divided by 14?
12
Suppose 0 = 7*w + 17 - 3. Let x(c) = -62*c - 9. What is the remainder when x(w) is divided by 29?
28
What is the remainder when ((-9)/(-5))/((-195)/(-9425)) is divided by 45?
42
Suppose -52*w + 13790 = -2226. What is the remainder when w is divided by 75?
8
Let b(m) be the third derivative of m**4/2 + m**3 + 3*m**2. Calculate the remainder when 261 is divided by b(5).
63
Calculate the remainder when 160 is divided by 4 + -2 - (-32 + 13).
13
Let z(o) = o**3 - 3*o**2 + 2*o - 2. Let s be z(3). Suppose -80 = -0*q - s*q. Calculate the remainder when 39 is divided by q.
19
Suppose 5*x = -4*p + 115, 2*p - 98*x + 94*x - 90 = 0. What is the remainder when 1784 is divided by p?
34
Calculate the remainder when ((-4)/96*-236)/(4/24) is divided by 24.
11
Calculate the remainder when 8 + 123*18/27 is divided by 21.
6
Suppose -2*t + 27 - 19 = 0. Suppose t*a - 357 = -d, d + d = -5*a + 444. Calculate the remainder when a is divided by 23.
21
Let l(n) = -2*n - 2. Let f(p) = -p**3 + 6*p**2 - p + 3. Let r be f(6). Let j be l(r). What is the remainder when 73 is divided by 1/(-2)*(-152)/j?
16
Let z = 0 - -12. Suppose -b - z = -3*b. Suppose 3*l - b*l - 14 = -2*k, 2*l = 4*k - 20. What is the remainder when k is divided by 3?
1
Suppose 0 = 26*j - 64 - 196. Calculate the remainder when 26 is divided by j.
6
Suppose -c + 32 = -l - 21, c - 63 = -4*l. Let o =